n r is divided by u?
2
Let c = 46 + -33. Calculate the remainder when 51 is divided by c.
12
Let c(a) = a**2 + 14*a - 1. Let i(r) = -r + 1. Let s(y) = -c(y) - 5*i(y). What is the remainder when s(-7) is divided by 6?
4
Let y(f) = 3*f - 6. Let p be y(4). Let m = -5 + p. What is the remainder when 2 - 4/m - -18 is divided by 9?
7
Suppose -68 = -5*i + 122. What is the remainder when i is divided by 20?
18
Let t(p) = p**2 + 2*p - 3. Let h(s) = 1 + 6 - s**2 + 4 - 13*s. Calculate the remainder when h(-12) is divided by t(-5).
11
Let a(f) = 2*f - 17. What is the remainder when 50 is divided by a(17)?
16
Suppose -4*q - 20 = -4*x + 3*x, x - 5*q = 24. Suppose -13 - 7 = -x*k. What is the remainder when 18 is divided by k?
3
Let u(l) = 2*l - 7. Let q be u(8). What is the remainder when 9 is divided by (-18)/(-2) - q/3?
3
Calculate the remainder when 35 is divided by (-3 + 4)/((-2)/(-38)).
16
Let x(r) = 4*r**3 - r**2 + 1. Let j be x(1). Suppose q = j + 6. What is the remainder when 18 is divided by q?
8
Let n = -193 - -213. Suppose -18 = -2*d - 3*h + 7*h, h = 5*d - 36. What is the remainder when n is divided by d?
6
Let s be (13/2)/(1/12). Suppose -s = -3*l + 66. What is the remainder when l is divided by 17?
14
Calculate the remainder when 70 is divided by 4/14 + (-671)/(-77).
7
Suppose -4*g = -80 + 16. Calculate the remainder when 59 is divided by ((-30)/4)/((-6)/g).
19
Let u(s) = 2*s + 7. What is the remainder when u(0) is divided by 4?
3
Suppose 6*s + 6*s = 1356. What is the remainder when s is divided by 29?
26
Suppose 2*k = 5*k - 15. Suppose 3*h - 4*c = 23, -4*h - 2*c = h + k. Let i(r) = 2*r**2 + r - 1. What is the remainder when 3 is divided by i(h)?
1
Let i(j) = -2*j - 2. Let x be i(-3). Suppose -x*m + 5*m - 2 = 0. Suppose -m*s = -6*s + 56. What is the remainder when 40 is divided by s?
12
Calculate the remainder when 11 is divided by -4*3/(-4)*1.
2
Suppose 3*x - 6*z = -7*z + 132, 3*z = 9. What is the remainder when x is divided by 11?
10
Let l(i) = -i + 14. Calculate the remainder when 19 is divided by l(7).
5
Suppose 4*t - 11 = -0*t - r, 0 = -2*t - r + 5. Suppose -t*g - 4*y = -221, -2*y + 6*y = 5*g - 315. Calculate the remainder when g is divided by 23.
21
Let d = 29 + -19. What is the remainder when d is divided by (-46)/(-14) - 6/21?
1
Let q = -1 + 117. Calculate the remainder when q is divided by 17.
14
Suppose 6*q - 3*q = 81. Let p = 52 - 37. What is the remainder when q is divided by p?
12
Calculate the remainder when (3/(-4))/((-3)/288) is divided by ((-50)/8)/(2/(-8)).
22
Let o(r) = -r**2 - 7*r + 1. What is the remainder when 52/2*(-8)/128*-8 is divided by o(-6)?
6
Let j = 34 - 10. Let b = -14 + 27. Calculate the remainder when j is divided by b.
11
Let l(i) = 3*i**2 - 4*i + 2. Calculate the remainder when 33 is divided by l(3).
16
Let w(d) = d**2 + d - 2. Let y(q) = q**2 - q**2 - 3 + q**2 + q. Let o be y(0). Calculate the remainder when 13 is divided by w(o).
1
Let b(l) = 5*l - 6. Calculate the remainder when b(11) is divided by 17.
15
Suppose f + 6 = -0. Let s(p) = p**2 + 5*p + 3. Let m be s(-5). Calculate the remainder when 4 is divided by 1/((m/f)/(-1)).
0
Let o = 21 - 3. Calculate the remainder when 68 is divided by o.
14
Suppose c - 6*c = 0. Suppose 3*v - 2*v - 2 = c. What is the remainder when 5 is divided by v?
1
Suppose 2*d - 10 = 5*j, -4*d + 2*j + 0 + 4 = 0. Suppose -z = -d*z - 13. Calculate the remainder when z is divided by 7.
6
Suppose 3*r + 2*h + 15 = -h, 4*r + h + 17 = 0. Let m = 23 - 5. Calculate the remainder when 138/4 + (-2)/r is divided by m.
17
Let v = 7 + 1. What is the remainder when 10 - ((-1 - 3) + 1) is divided by v?
5
Let p = -62 - -96. Calculate the remainder when p is divided by 9.
7
Suppose 27 = 5*r + 2. Suppose 0 = 3*x, r*l + 3*x - 225 = -2*x. Calculate the remainder when l is divided by 12.
9
Suppose -2*b + 4*r + 40 = 0, 4*b - 5*r - 22 - 52 = 0. What is the remainder when 108 is divided by b?
12
Let u(m) = m**3 - 8*m**2 + 8*m - 3. What is the remainder when 6 is divided by u(7)?
2
Let v(p) = -p - 1. Let o be v(-5). Suppose 47 = -z + o*z - 5*b, 4 = -4*b. What is the remainder when z is divided by (8/5)/((-2)/(-10))?
6
Let c(p) = -p**3 - 7*p**2 - 9*p - 4. Let x be (0 - (0 + 1))/1. Let s(y) = 8*y**2 + y + 1. Calculate the remainder when c(-6) is divided by s(x).
6
Suppose -a - 20 = a. Let f be ((-6)/a + -1)*-5. Suppose -q + 0*q = -f. Calculate the remainder when 4 is divided by q.
0
Suppose p + 0*m = 2*m + 24, 0 = -2*m - 10. Calculate the remainder when p is divided by 6.
2
Let k be -1 + 0 - (22 + 1). Let s = k + 34. Let z(a) = a**3 - 11*a**2 + 11*a - 5. Calculate the remainder when 13 is divided by z(s).
3
Suppose 12*a - 8*a - 88 = 0. What is the remainder when a is divided by 9?
4
Let y(z) = -z**3 + z + 6. Calculate the remainder when (32/6)/((-2)/(-6)) is divided by y(0).
4
Let x be (2/3)/((-2)/(-21)). Suppose -q - r = -20, -4*r + x = -1. What is the remainder when q is divided by 10?
8
Let q(j) = j**3 - 3*j - 3. Let h(k) = k + 8. Let f(l) = l**2 + 13*l + 7. Let d be f(-12). Let g be h(d). Calculate the remainder when q(g) is divided by 8.
7
Let p = -2 + 13. Let v = 16 - p. Calculate the remainder when v is divided by 3.
2
Let d = 108 + -47. Let w(s) = 2*s + 7. Let r be w(-6). What is the remainder when d is divided by -14*r/((-30)/(-9))?
19
Suppose 5*t + 3 = 4*w, 3*t + 8 = -3*w - 10. Let o(f) = 0*f - f - f. Calculate the remainder when o(t) is divided by 4.
2
Suppose 4*w = 0, -2*w + 18 = 3*d - 0*d. What is the remainder when 29 is divided by d?
5
Suppose 4*c = -2*j + 40, 2*c = 4*j - 7 - 93. Calculate the remainder when j is divided by 8.
0
Let n(j) = 2*j**2 - 4*j + 2. Calculate the remainder when 1*1/(-1) + 36 is divided by n(4).
17
Calculate the remainder when 63 is divided by 48/18*33/4.
19
Let r(s) = 8 + 4*s**3 + 11*s - 3*s - 3*s**3 - 9*s**2. What is the remainder when 39 is divided by r(8)?
7
Suppose -m = 4*i - 8, 0 = -2*m - 0*i - 2*i + 4. Suppose 3*f - 29 - 6 = 2*q, m = 4*f + 5*q - 16. What is the remainder when f is divided by 5?
4
Suppose 5*d = -5*j + 225, -3*d + 0*j = j - 139. Let x be (12/2)/(12/42). Let y = 33 - x. What is the remainder when d is divided by y?
11
Suppose 5*n = n + 24. Let p = n - -7. What is the remainder when 23 is divided by p?
10
Let w be 4/10 - 6/15. Suppose y + 8 = 2*y. Suppose y*f - 5*f - 12 = w. Calculate the remainder when f is divided by 2.
0
Let k = -26 + 40. Calculate the remainder when 6/k - 604/(-28) is divided by 6.
4
Let k = 12 - 12. What is the remainder when 50 is divided by -13*(1 + k - 2)?
11
Suppose -7*z + 4*z = -45. Suppose -r - z = -4*r. Calculate the remainder when 1 - (1/1 - 12) is divided by r.
2
Let r(f) = -f**3 + 5*f**2 + 9*f - 7. What is the remainder when 41 is divided by r(6)?
8
Let p = -5 - -9. Suppose -p*q + 3*x + 99 = 0, 55 = 5*q + 4*x - 92. Suppose q + 29 = 2*j. Calculate the remainder when j is divided by 15.
13
Suppose 5*p + 25 = t - 2*t, -5*p - 10 = -2*t. What is the remainder when (-154)/(-8) - t/(-20) is divided by 11?
8
Let g = 6 - 3. Suppose 2*f - 4*f = -4. Suppose -5*s + 40 = 5*w, -5*w - 1 = -f*s - 13. Calculate the remainder when s is divided by g.
1
Let r(m) = -m**2 + 2*m**2 - 4 + m + 32. Let z be 18/(-48) - 9/(-24). What is the remainder when r(z) is divided by 10?
8
Suppose 0 = 10*c - 8*c - 40. What is the remainder when 117 is divided by c?
17
Suppose -2*h + 5*u = -0*u - 44, u - 2 = 0. What is the remainder when h is divided by 7?
6
Suppose 0*u + 3*c - 20 = -2*u, u = -2*c + 10. What is the remainder when 37 is divided by u?
7
Let f(l) = l + 17. Calculate the remainder when 40 is divided by f(-3).
12
Suppose 4*w - 4 = 0, 3*s + 2*w - w - 184 = 0. Suppose 2*b + 0 - 42 = 0. Calculate the remainder when s is divided by b.
19
Let v = 17 + -13. Let t(n) = 6*n**2 - 2*n - 1. Calculate the remainder when t(-1) is divided by v.
3
Let l(v) = 8*v**2 + 4*v - 5. Suppose -3*f - 2*f + 63 = -r, -3*f = -2*r - 42. Suppose -f = o - 2*o. What is the remainder when l(2) is divided by o?
11
Let t = 2 - -20. Calculate the remainder when t is divided by 6.
4
Suppose 3*x - n - 4*n = 35, -x - n = -1. Suppose 4*z = -z + x. Let b(y) = 32*y**3 + 1. Calculate the remainder when b(z) is divided by 17.
16
Let a(o) = -35*o. What is the remainder when a(-4) is divi